(w) = 5*w**3 + 2*w**2 - 1. Give a(y).
6
Let g = -16 - -10. Let h(r) = -23*r - 2*r**3 + 5*r**3 + 18*r - 2*r**3 + 5*r**2 + 2. Determine h(g).
-4
Let u(n) = n**3 + n**2 + n + 1. Let z be u(-1). Let x = 0 + z. Let i(m) = -4 + x + 3 + m. Calculate i(5).
4
Let m(k) = 13*k**2 - 79*k + 8. Let b be m(6). Let f(s) = -2 - 3*s + 2 - 1. What is f(b)?
-7
Let p(u) = -u**2 - 4*u - 4. Let g(s) = s**2 + 3*s - 3. Let k be g(-3). What is p(k)?
-1
Let b(v) = -v**2 - 2*v - 2. Let m be (14/(-2) - -1)*-2. Suppose 3*n + m = -0*n. Calculate b(n).
-10
Suppose -28 = 2*v - v. Let p be v/(-16) - 1/(-4). Suppose 5*n = -5*m - 25, -3*m + 4*n - 10 + p = 0. Let o(f) = -2*f - 6. Determine o(m).
2
Let r(j) be the first derivative of -2 + 4*j**2 + 0*j**2 - 5*j**2. Suppose 2*f + 5*a = -6, 4*f - 3*a + 0*a + 12 = 0. What is r(f)?
6
Let g(d) = -d**3 - 6*d**2 - 6*d - 2. Let c(m) = m - 6. Let p be c(9). Suppose -5*i + 30 = -5*w, 5*w + p*i + 9 = -13. Calculate g(w).
3
Suppose 0*q + 3*q - 6 = 0. Let t(i) = -i**2 - 2. Give t(q).
-6
Let p(q) = q**3 - q**2 + 2*q + 10. Let l(c) = 2*c**3 - 2*c**2 + 5*c + 21. Let d(s) = -3*l(s) + 7*p(s). What is d(0)?
7
Suppose 8*w - 13*w = -20. Let x(i) = -i**3 + 3*i**2 + 5*i - 1. Determine x(w).
3
Let l(p) be the first derivative of p**4/4 - p**3/3 + 7*p - 1. Let d = -8 - -4. Let f = d - -4. Give l(f).
7
Let i be (-2)/(-3) - (-1)/3. Let r(m) = -m + 7*m + i + 0. Calculate r(1).
7
Let w(f) be the third derivative of f**4/24 + f**3/3 - 13*f**2 + 4*f. Suppose 4*q - 3 = 17. Calculate w(q).
7
Let d(x) = x**3 - 4*x**2 - 3*x - 4. Let w be 1/((-1)/(-15)*3). Calculate d(w).
6
Suppose f + 2 = -5*q + 3, 0 = -q. Let u(p) = 10*p**3. Determine u(f).
10
Let a(n) = -3*n + n + 3*n. Let q be (-3 - -1)/4 - 7/14. Give a(q).
-1
Let h = 2 + 0. Let b = h - 2. Let y(p) = 0 - p + b. What is y(-3)?
3
Suppose -d + 5*d = 20, 2*c + 5*d = 33. Let v(y) = y**2 + 6*y - 5. Let f be v(-7). Let t(r) = -5 + 0*r - 2*r - r**3 + 7*r**f - 2*r**2. Calculate t(c).
3
Let v = 0 - 2. Let i(t) = -10*t + 10*t + t + 2. Calculate i(v).
0
Let p(l) = l**3 + 5*l**2 + l - 5. Let r be p(-4). Let x(j) = j**2 - 4*j + 1. Let q be x(3). Let u be q/r*42/(-6). Let s(a) = -a - 2. Calculate s(u).
-4
Let v(l) = -18 + 13 + 11 + l. Give v(-9).
-3
Let v(b) = b**3 + 15*b**2 + 17*b - 6. Let o be v(-13). Let q(j) = 3 - 111*j + o*j - j**3 - 6*j**2. Calculate q(-6).
3
Let t(w) = w. Let v(k) = 3*k. Let c(b) = 8*t(b) - 3*v(b). Give c(-1).
1
Let j(q) = -5*q**2 + 4*q + 4. Let x(c) = c**2 - c - 1. Let v(o) = -2*j(o) - 9*x(o). Let i = 13 + -16. Determine v(i).
7
Let o(f) = 2*f**2 + f - 1. Let y(u) = -u**2 + 2*u + 8. Let d be y(4). Suppose 2*a - 3*p + 0*p + 10 = d, 3*p - 15 = -3*a. Give o(a).
2
Let s(w) = 2*w**3 - 3*w**2 - 19*w + 9. Let r(u) = -u**3 + 2*u**2 + 9*u - 5. Let y(o) = -5*r(o) - 2*s(o). Let b = 238 - 233. Give y(b).
-3
Let s(a) = a + 9. Let f(u) = 15*u**2 - 7*u + 7. Let w(t) = 7*t**2 - 3*t + 3. Let g(y) = 2*f(y) - 5*w(y). Let p be g(-1). Determine s(p).
2
Suppose -2*t + 4*q + 9 = 5*q, 3*t - q - 21 = 0. Let p(c) = -2*c + 2. Give p(t).
-10
Let y be (-2)/6*(-6)/(-2). Let k(u) = -10*u**3 - u**2 + 1. What is k(y)?
10
Let w(l) = -l**3 + l**2 + l - 1. Suppose -295*v + 9 = -292*v. Calculate w(v).
-16
Let a(k) = -2*k**2 - 3*k - 2. Let p(u) = -5*u**2 - 9*u - 5. Let w = 3 + -6. Let t(c) = w*p(c) + 8*a(c). Determine t(2).
1
Let n(g) = -3*g + 0*g + 4*g + g + 3. Let s(x) = -27*x**2 + x - 1. Let w be s(1). Let q be (-2)/3*w/6. Determine n(q).
9
Suppose -3*i + 5 = -4*i. Let u(z) = 3*z**2 + 4. Let q(w) = -8*w**2 + w - 11. Let t(d) = 4*q(d) + 11*u(d). Determine t(i).
5
Let g(m) = 12*m + 9 + 1 - 11. What is g(-1)?
-13
Suppose 3*c = -5*d + 16, c + 0*d - 4*d + 23 = 0. Let o be (2/c)/(1/3). Let t(l) = -6*l**2 - 1 + 13*l**2 - 4*l**2 + l. Calculate t(o).
9
Let m(l) be the third derivative of -l**6/120 - l**5/15 + l**4/6 - 5*l**3/6 + 6*l**2. What is m(-5)?
0
Let d be 2/((-4)/(-6)*3). Suppose d - 4 = z. Let c(s) = -s**2 - 5*s - 2. Give c(z).
4
Let p(s) = -s + 2. Let w be p(0). Let f(k) = -w*k + 4 - k + 17. Let n(m) = m - 7. Let d(t) = 2*f(t) + 7*n(t). Determine d(4).
-3
Let c(t) = t**2 + 7*t + 7. Let m = -4 + 5. Let n be (m*14)/(-8 - -6). Calculate c(n).
7
Let g(n) be the first derivative of n**5/60 - n**4/12 + n**3/3 - n**2/2 - 2. Let t(w) be the second derivative of g(w). Suppose 12*o - 12 = 8*o. Determine t(o).
5
Let a(m) = -m**3 + 2*m**2 + m + 1. Suppose o - 3*c = 6*o - 19, -o + 5*c = 13. Determine a(o).
3
Let o(l) be the third derivative of l**5/30 - l**4/8 - l**3/3 + 5*l**2. Determine o(4).
18
Let r(w) = -w**2 - 5. Let q be r(0). Let v(c) be the third derivative of c**5/60 + c**4/12 - 5*c**3/6 + c**2. Determine v(q).
10
Let p(h) = h. Let m(b) = -4 + b**3 + 7*b**2 + 1 + 8*b + 1. Let a(j) = m(j) - 2*p(j). Calculate a(-6).
-2
Let p = -2 - -1. Let x(b) be the third derivative of -b**4/8 - b**3/6 + 8*b**2. Calculate x(p).
2
Let j = -41 - -57. Suppose 4*b - 4*u = j, 4*u = 3*u + 2. Let x(h) = -h**2 + 6*h - 1. Give x(b).
-1
Let c(n) = n**3 + 2*n**2 - 1. Let a(i) = -i + 2. Let z be (12/8)/(9/24). Let k be a(z). Give c(k).
-1
Let d(g) = g - 5. Let z(r) = r - 8. Let x be z(6). Let j(m) = -m**2 - 4*m + 1. Let c be j(x). Calculate d(c).
0
Let g(r) be the third derivative of r**4/8 + r**3/2 + r**2. Let l be (8/(-4))/(-2 + 0). Let q = -3 - l. What is g(q)?
-9
Let f(t) = -4*t**2 + 10*t. Let a(n) = n - 2. Let j be a(5). Let u(o) = -7*o**2 + 19*o - 1. Let w(k) = j*u(k) - 5*f(k). Calculate w(5).
7
Let t(l) be the third derivative of -l**6/360 + l**5/30 + 7*l**4/24 - 2*l**3/3 + 4*l**2. Let f(h) be the first derivative of t(h). Determine f(6).
-5
Suppose 3*w - 5 - 4 = 0. Suppose 7 = 4*r + w. Let z(m) = 7*m - 8. Let u(x) = -x + 1. Let i(a) = r*z(a) + 6*u(a). Give i(0).
-2
Let y(f) = 3*f**3 + 2. Let b be 5 + 2 + -3 - (-14)/(-7). Determine y(b).
26
Suppose 2*h - h = -w + 6, -w = -h - 2. Let y(n) be the second derivative of 0 + w*n + 0*n**2 + 2/3*n**3. What is y(1)?
4
Let s(b) = b + 14. Suppose -m = -f + 2 + 4, 5*f - 3*m = 26. Let j = f + 1. Let v(h) = -h - 7. Let u(p) = j*v(p) + 2*s(p). What is u(-5)?
8
Let q(v) be the first derivative of v**2 - 1. Suppose 0 = -2*j - 29 + 33. Give q(j).
4
Suppose 6*m + 5*g = 3*m, g = 4*m + 23. Let n(c) = 3*c - 12. Let k(w) = 4*w - 13. Let i(l) = m*n(l) + 4*k(l). Determine i(-6).
2
Suppose 4*y + 20 = 12. Let h(z) = 6*z**2 + 3*z + 1. Give h(y).
19
Let p(y) = -y + 1. Suppose 0 = -2*j + 5*j - 27. Calculate p(j).
-8
Let y(g) = -5*g + 5. Let f be (2/5)/((-8)/(-80)). Let r be y(f). Let c be (39/r + 2)*5. Let o(x) = x + 3. Determine o(c).
0
Let g(a) = a**3 + 4*a**2 - a + 1. Let c be 2 + -20 + (-9)/(-3). Let x be 10/2*6/c. Give g(x).
11
Let d(i) = i**2 - 7*i - 15. Let l be d(9). Let k(s) be the second derivative of 5/6*s**3 + 0 + l*s - 1/2*s**2. What is k(1)?
4
Let k be (-2)/(-6) + (-20)/(-12). Let i(q) = -3*q**3 + 3*q**2 - 2*q + 3. Determine i(k).
-13
Let j(s) = 2*s**3 + 3*s**2 - 4*s + 1. Let t(o) = o + 1. Let q(n) = n - 13. Let g(v) = -q(v) + 2*t(v). Let k be g(-18). Give j(k).
-14
Let k(d) be the second derivative of -2*d - d**2 + 0 - 1/15*d**5 - 1/2*d**3 + 1/6*d**4 + 1/120*d**6. Let a(u) be the first derivative of k(u). Determine a(3).
0
Let l be (-6)/4*(-88)/33. Let w(f) be the first derivative of f**3/2 - 2*f**2 + 3*f - 1. Let a(z) be the first derivative of w(z). What is a(l)?
8
Let d(c) = -2*c**3 - 3*c**2 - c - 1. Let n be ((-6)/(-4))/(3/(-6)). Let r be -2*((-18)/n)/2. Let y = 4 + r. Determine d(y).
5
Suppose -2*r - 2*z + 4 = 0, z = 3*r - z - 21. Suppose r*f = -4*y, 2*f + 23 = -3*y + 6*y. Let g(u) = u**2 + 3*u - 1. Give g(f).
3
Let z(k) = k**2 - 5*k - 3. Let x be (2/6)/(3/36). Calculate z(x).
-7
Let n = -7 + 9. Let l(k) = -4*k + 0 + n + 23*k**2 - 24*k**2. What is l(-4)?
2
Let h be 3*-1 + 4/(-1). Let j(a) = a + 2. Determine j(h).
-5
Let u(i) = -13*i**2 - 6*i**3 + 5*i**2 + 4*i**2 - i + 2*i**2. Give u(-1).
5
Let a(n) = -10*n + 7. Let x(b) = 2*b - 1. Let s(v) = -a(v) - 4*x(v). Determine s(-6).
-15
Let t(u) = -3 + 6*u + 2 - 5*u. Let k be 4/(-3)*(-9)/3. Suppose k*a - 5 = -a. Determine t(a).
0
Let g = -9 + 13. Let c(j) = -8*j**2 + 4*j - 8. Let z(o) be the second derivative of o**4/4 - o**3/6 + 3*o**2/2 - 6*o. Let d(x) = g*c(x) + 11*z(x). Give d(-4).
-3
Let z(s) be the second derivative of -s**3/3 + 2*s. Let d(r) = -r**3 - 3*r**2 - r - 1. L